Is o a composite number?
True
Suppose -26*p - 98352 = -25*p. Is (p/(-360))/((-4)/(-70)) prime?
False
Let y be (-3)/12*-4*11. Let k be 9/45 + y/(-5). Is 31 - (-1 + (-1 - k)) a composite number?
False
Let x(j) = -j**3 - 13*j**2 + 18*j + 3. Suppose 2*o + 3*c - 13 = -64, 3*c = -9. Let a be x(o). Suppose 10522 = 5*g - a. Is g a composite number?
True
Let o be ((-2)/(-8)*2)/((-2)/(-8)). Suppose -4*v = q - 4975 - 6115, -22210 = -o*q - 2*v. Suppose -5*x = 5*g - q, 3*x + 5*g - 5320 = 1348. Is x composite?
False
Suppose -23*c + 3588632 = 22*c + 23*c. Is c prime?
False
Suppose -2*b + 30 = -2*g, -2*b + b - 4*g - 10 = 0. Suppose 14*a - b*a - 6784 = 3*v, -4*a - 2*v + 6764 = 0. Is a prime?
True
Let k = 849845 - 470196. Is k composite?
False
Let v be (309/(-6) - -2)*-6. Let s = v - -868. Is s a prime number?
False
Suppose 178 - 374 = 49*h. Let c(t) = -t - 1. Let y(d) = 50*d**2 - 6*d + 6. Let x(w) = -3*c(w) + y(w). Is x(h) a prime number?
True
Let w(g) = 9*g + 94. Let p be w(-10). Is (3 - 4)*(p - 298) + 1 composite?
True
Let b = 384 - 424. Is 259640/b*1/(-1) composite?
False
Is (-38 + 42)/((-12)/(-4449)) composite?
False
Is 90 + -97 - ((-5396897)/(-33))/(1/(-6)) prime?
False
Suppose -4*c - 55 + 191 = 0. Suppose 0 = 2*m - 3*o - 1678, o - 4195 = -10*m + 5*m. Suppose 3*a - m = c. Is a a composite number?
True
Suppose 24741519 - 192 = 22*p + 101*p. Is p a composite number?
True
Suppose 2*q - 317941 = j + 30664, -4*j - 28 = 0. Is q prime?
True
Let d(x) = 26*x**2 - 4*x + 379. Let z(l) = -12*l**2 + l - 190. Let j(v) = -4*d(v) - 9*z(v). Is j(-23) composite?
True
Let y(b) = -b**3 - 15*b**2 + 4*b + 67. Let h be y(-15). Suppose 4088 + 3423 = h*p. Is p a prime number?
False
Suppose 124192 = 4*n - 3*t, 53*t - 52*t = 4. Is n a composite number?
False
Let z(h) = 267 - 153 + 1810*h - 155. Is z(10) prime?
True
Let y be (15/(-45))/(2/(-66)). Suppose -5066 = 9*q - y*q. Is q a composite number?
True
Is (-6)/39 + ((-27)/468)/(3/(-12772404)) a composite number?
True
Suppose -n = t - 1, 0 = -5*t + t. Let z be 5/(2 + (n - -1) + -3). Suppose z*g - 663 = 2272. Is g composite?
False
Is (-18886684)/(-304)*4/1 a composite number?
False
Let v = -2146 - -5249. Is v prime?
False
Let u be (-1832)/(5/(-450)*2*1). Suppose -18*h + 15*h - 4*t = -49499, -5*h + 5*t + u = 0. Is h a composite number?
False
Let a(u) = -491*u**3 - 10*u**2 - 10*u - 1. Is a(-4) a composite number?
True
Let s(c) = -8*c**2 + 10*c + 5. Let z(x) = -16*x**2 + 20*x + 10. Let h be (-1)/7 + (-312)/(-28). Let g(l) = h*s(l) - 6*z(l). Is g(6) composite?
False
Let j = 18 + -24. Let t be 3 + (30 + 4)*j. Let m = -104 - t. Is m composite?
False
Let x(h) = h**3 + 8*h**2 + 11*h - 10. Let q be x(-4). Let t(y) = 3*y**3 - 10*y**2 - 28*y - 13. Is t(q) a composite number?
True
Let d(v) = -v + 25. Let b = 61 + 9. Suppose 10*x + b = 3*x. Is d(x) a prime number?
False
Let x be ((-30)/6 - 928)*-3. Suppose v - k - x - 1452 = 0, -2*k = 2*v - 8510. Is v a prime number?
True
Suppose 4*b + 4*p = 96556, -226*b + 227*b + 4*p - 24157 = 0. Is b a prime number?
True
Let a be (50/2 - 4)*(-1 + 0). Is (6502/(-3)*1)/(14/a) a prime number?
True
Let r be -4*(162/24)/(-3) - 4. Is 34361/(5 - r/((-10)/(-8))) composite?
False
Let y be (-3)/(-24) - (-23550)/16. Suppose g - 4 + 1 = 0, -k + y = -4*g. Suppose 0 = t - 4521 + k. Is t composite?
False
Let d(r) = -r**3 - 19*r**2 - 24*r. Let w be d(-18). Suppose 0*p + 4*p = 5*k - 189, 3*k + 3*p = w. Suppose 296 = 3*s - k. Is s a composite number?
True
Let o(q) = -18*q**3 - 16*q - 15. Suppose 2*b = 3*m + 5, -3*b + 4*b - 4*m = 15. Is o(b) prime?
False
Let m = -1395694 - -3981543. Is m a composite number?
True
Suppose 4*r - 977374 - 598241 = 5*p, r - 5*p - 393930 = 0. Is r a composite number?
True
Let y(q) = q**3 + 28*q**2 + 17*q - 6. Let d(u) = u**2 - 1. Let p(t) = 2*d(t) + y(t). Let n be p(-12). Suppose -8*i = -732 - n. Is i composite?
False
Let o(b) = -4*b - 6. Let i(r) = r - 10. Let f be i(6). Let p be o(f). Is (-2367)/6*p/(-3) a prime number?
False
Let h be (-6)/5*4485/117. Let k(t) = 8*t**3 + 2*t - 3. Let p be k(2). Let i = h + p. Is i composite?
False
Is (-2 - 2)*(-9 - (3 + (-2017672)/(-32))) a prime number?
False
Suppose -3*x + c - 4 = -18, -4*x + 5*c + 26 = 0. Suppose -2*q = 4*g - 31232, -5*q = x*g - g - 23431. Is g prime?
False
Suppose -5*a = 4*u - 1163961, 3*u + 65*a - 873011 = 67*a. Is u a composite number?
False
Let f be 16 - -1 - 10*10/25. Suppose f*q - 5655 = -1157. Is q a prime number?
False
Is ((-1)/2)/(((-1209)/(-39))/(-32770658)) prime?
True
Suppose -86*l + 137*l + 90566 = 65*l. Is l composite?
False
Let v(k) = -1441*k - 939. Is v(-28) a composite number?
False
Let h(p) = -4811*p**3 + 8*p**2 - 6*p - 12. Let u be h(-3). Suppose u - 431780 = -7*f. Is f a composite number?
True
Suppose -5*n - 5*i + 1418830 = 0, 17*n - 20*n = i - 851292. Is n a composite number?
False
Let k = 110558 - 65701. Is k a prime number?
False
Let k(x) = -13494*x - 445. Is k(-8) composite?
False
Suppose 0 = -267*l + 277*l - 339170. Is l a composite number?
True
Suppose g - 634216 = -48227. Is g prime?
True
Let u be 987*(36/(-7) - -6). Let a = -195 + -242. Let r = u + a. Is r prime?
True
Suppose -95*p + 94*p = -13623. Suppose -12*x + 31005 = -p. Is x a composite number?
False
Suppose 4*z - 1144 = 3*l - 22193, -2*z = 3*l - 21061. Is l a prime number?
True
Suppose -128*q = -87*q + 328. Let z(m) = -9 + m + m**2 + 20 - 2*m. Is z(q) a composite number?
False
Let w(a) = -a. Let s be w(-2). Suppose -s*j - 50 + 2592 = 0. Is j prime?
False
Suppose 2*c = -2*q + 5*c + 237, 5*q = -3*c + 540. Let j = 580 - q. Suppose -2*y = -g + 460, 5*y + j = 5*g - 4*g. Is g prime?
False
Suppose z + 0*z - w = 2732885, 4*z - 10931570 = -w. Is z a composite number?
True
Let j(u) = 85*u**2 + 67*u + 93. Is j(54) a prime number?
False
Let q = 35121 - -18232. Is q composite?
False
Let z(g) = 2*g**2 - 3*g - 3. Let v be (-1)/7 - 216/56. Let m be -2 + (-9)/v - 150/24. Is z(m) composite?
True
Let l(k) = 2*k**3 - 17*k**2 - 7*k - 16. Suppose 2*u = -4, -5*y + 4*u + 42 + 11 = 0. Let f be l(y). Is (-374)/4*(-4 + f) a prime number?
False
Let c = -82 - -86. Let t(w) = -17*w**2 - 6*w**2 - 2*w + 28*w**2 + 19*w**3 + 15. Is t(c) a prime number?
True
Suppose -20926 = -r - 3*i + 11265, 6*r - 193008 = 5*i. Is r prime?
True
Let d(v) = -3*v**3 - 67*v**2 + 34*v + 133. Is d(-53) a composite number?
True
Suppose 3 = -2*v + 7. Let f be (9 + -4)/(-5)*(1 + v). Is f*(-508)/(4/1) a prime number?
False
Suppose -3*m + 7795 = 4*g, 2*g - 1910 = 3*m - 9753. Is m prime?
True
Suppose 238 = -5*z + o - 13, -2*o = -z - 43. Is (-6)/z + (-5 - 18350/(-85)) prime?
True
Let i(x) = 4*x**2 - 2*x + 1. Let b be i(1). Let m(r) be the third derivative of 32*r**5/15 - 5*r**4/24 + 5*r**3/3 + 2*r**2 + 59. Is m(b) a prime number?
False
Suppose -6*l + 126*l - 269130114 = -42*l. Is l prime?
False
Let a = 217976 - 71869. Is a a composite number?
True
Suppose -476760 = o + 3*u - 2152816, -u = 4*o - 6704147. Is o a composite number?
True
Let i = -136 - -140. Let h be ((-15)/(-2))/((-3)/(-2)). Suppose 0 = -4*g - h*k + i*k + 336, -3*k = -12. Is g prime?
True
Suppose 21644 = 156*o - 149*o. Let k = o + 531. Is k a prime number?
True
Let n(y) = -3*y + 1. Let u(c) = 5*c - 2. Let b(m) = -3*n(m) - 2*u(m). Let v be b(-13). Is 1 + (87*v)/3 composite?
True
Let m(c) = -c**3 + 6*c**2 + 17*c - 12. Let w be m(8). Is (6/w)/(15/(-7870)) composite?
False
Let j = -2743 - -5670. Is j prime?
True
Let f = 79 + -85. Let r be (-12572)/(-21)*f/(-4). Suppose 0 = a - x - r, 3*x = -3*a + 1508 + 1156. Is a prime?
False
Suppose 143*g - 145*g + 12 = 0, 2*h + 4*g = 576070. Is h a prime number?
True
Suppose -14*s + 7763 = 973. Suppose 8*h - s - 547 = 0. Is h composite?
True
Let v = 160 + -161. Is v - (7 - 8)*58128/2 composite?
False
Suppose 0 = 4*w + 2*g, -8*w = -6*w + 2*g - 4. Let v = w + 739. Is v composite?
True
Let a = 1995095 + -833958. Is a composite?
False
Is ((-6)/(-63))/(156/234) + 509802/7 a prime number?
False
Suppose -6*o = 5*o + o. Is (-13)/((-221)/90474) - (-5 + o) a composite number?
True
Let r(j) = 6*j**2 - 7*j + 3. Let z be r(1). Suppose 4*t = -4*a + 44576, -a + z*t + 10636 = -505. Is a a prime number?
False
Let r be 13585/38 + (-2)/4. Suppose 4*x = -4*u + 5080, 5*x - r = 5*u + 6023. Is x prime?
False
Let u(n) = n**3 + n**2 - 12*n + 13. Supp